 factors of z.
3, 29
Suppose 4*g - 898 = -3*y + 303, y - 601 = -2*g. List the prime factors of g.
7, 43
Suppose 0 = -24*d + 5*d + 41496. Suppose 9*l - d = l. List the prime factors of l.
3, 7, 13
Suppose 0 = -3084*l + 3078*l + 6030. List the prime factors of l.
3, 5, 67
What are the prime factors of 35/(-10)*(-240)/56?
3, 5
Let t = -15 + 17. What are the prime factors of (-1 + 2)/(t + 271/(-136))?
2, 17
Let g(q) = -293*q - 147. What are the prime factors of g(-13)?
2, 1831
Let b be (1 + 1)/(-1)*1 + 11. Suppose 0 = -5*y + b*h - 7*h + 577, -h = y - 114. List the prime factors of y.
5, 23
Suppose 0 = y - 82 + 215. Let x = 188 + y. Let h = x + -25. What are the prime factors of h?
2, 3, 5
Let f = -374 - -554. Suppose -u + f = 4*u. Suppose u = 3*k + k. List the prime factors of k.
3
Suppose 129*g = 3*l + 131*g - 6789, 0 = 4*l + 2*g - 9054. What are the prime factors of l?
3, 5, 151
Suppose 2*h - 5*h = 3. Let i(u) = -85*u + 1. What are the prime factors of i(h)?
2, 43
Let u be (2 - 19)/(-3 + 2). Let p = u + -7. Suppose -p = -2*l - 4*a, 0*l + 5*l - 61 = -a. List the prime factors of l.
13
Let i = -119 + 121. Suppose i*w = -3*c + 264, -7*c - 176 = -9*c + 5*w. List the prime factors of c.
2, 11
List the prime factors of (-111 - -129)/((-4)/(-38)).
3, 19
Suppose -3*x + u + 795 = 0, -2*x - 23*u + 547 = -18*u. List the prime factors of x.
2, 7, 19
Suppose 416 = 5*c - 4*i, -5*c - i + 408 = -3*i. What are the prime factors of (-4)/10 - (-8512)/c?
2, 53
Let v be 46/11 - (-2)/(-11). Suppose 6 = -v*l + 42. List the prime factors of l.
3
Let y(s) = -489*s + 135. What are the prime factors of y(-5)?
2, 3, 5, 43
Let h(t) = -t**3 + 13*t**2 - 5*t - 28. Suppose -2*i + 27 + 9 = 3*x, 0 = 4*i - 4*x - 32. What are the prime factors of h(i)?
2, 7
Let p = 4 - -26. List the prime factors of 45/p - 149/(-2).
2, 19
Suppose 10 = v + 3*r, -5 = -v + r + 1. Suppose v*g = 6*g + 24. List the prime factors of g.
2, 3
Let p = -1 - 5. Let i = p + 8. Suppose i*b + 28 = 76. What are the prime factors of b?
2, 3
Let c(h) = -2*h**2 - h**3 - 7*h**2 + 2*h**2 - h + 4. Let q be c(-7). Suppose 2*s - q = -3*w, -4*s + 25 = -2*w + 7*w. List the prime factors of s.
2, 5
Let z = -135 + 663. What are the prime factors of z?
2, 3, 11
Suppose 144*w = 136*w + 2816. What are the prime factors of w?
2, 11
Let h = -24 + 47. Suppose -2*l + h = f - 7, 0 = -2*f - 2*l + 60. List the prime factors of f.
2, 3, 5
Let h(l) be the first derivative of 6*l**2 - 1 + 9*l - 1/3*l**3. What are the prime factors of h(12)?
3
Suppose 0 = 4*s - 9*s - 20. Let u(w) = 4*w**2 - 6*w. Let d(z) = 5*z**2 - 7*z - 1. Let b(q) = -3*d(q) + 4*u(q). List the prime factors of b(s).
31
Suppose 0 = -3*o - 2*o + 2*y + 40, 2*o = y + 17. Let x be (o - (3 - 2)) + -3. Suppose 20 = x*r - 0*r. What are the prime factors of r?
2, 5
Suppose 3*n = l - 94, -22*l + 23*l + 3*n - 76 = 0. What are the prime factors of l?
5, 17
Let l(p) = 0 - 2*p**2 - 2 + 3*p**3 - 5*p**3 - 2*p. Let o be l(-2). What are the prime factors of (-2 - -1)/((-2)/o)?
5
Suppose -3*c + 4*b - 137 = 0, 4*c - 2*b = -0*b - 186. Let h = -11 - c. What are the prime factors of h?
2, 3
What are the prime factors of (-12)/22 + 77210/385?
2, 5
Let g(n) be the third derivative of n**4/24 + 3*n**3/2 - 2*n**2. Let a be (56/16)/((-2)/(-4)). List the prime factors of g(a).
2
Suppose -3*j + 0*j = 78. What are the prime factors of (-2)/(-4)*-6*j + -3?
3, 5
Let w(z) = 2*z**3 + 34*z**2 - 12*z + 37. What are the prime factors of w(-17)?
241
Suppose 11*b - 10392 = 3*b. What are the prime factors of b?
3, 433
Suppose 16*h = -17*h + 77682. What are the prime factors of h?
2, 11, 107
Let l(p) = 3*p + 75. Suppose 0 = -0*i + 4*i. List the prime factors of l(i).
3, 5
Let w = -153 - -222. Suppose 5*f + 1 = -4*t + w, -f + 3*t + 6 = 0. List the prime factors of (-1 - -51)*f/8.
3, 5
Let k(g) = g**2 - 4*g - 3. Let s be k(5). Suppose 0 = -s*t + 3*t. Suppose c + 4*c - 65 = t. List the prime factors of c.
13
Suppose -162*c = 2*v - 159*c - 4297, -2*v + 4290 = -4*c. List the prime factors of v.
19, 113
Suppose 39*j - 57*j + 2862 = 0. List the prime factors of j.
3, 53
List the prime factors of (-2)/4 + 139821/38 - 2.
3677
Let y = 2043 + -1664. What are the prime factors of y?
379
Suppose 3*v + 21*d - 3722 = 22*d, 0 = -v + 3*d + 1246. What are the prime factors of v?
2, 5, 31
Let l(v) = -8*v - 9. Let u be l(-4). Let o be (u/(-3))/((-7)/(-21)). Let d = 45 + o. What are the prime factors of d?
2, 11
What are the prime factors of 14/(-49) + -5 + (-2108)/(-28)?
2, 5, 7
Let g(y) be the first derivative of -5 + 4/3*y**3 + 1/2*y**2 + 0*y. What are the prime factors of g(1)?
5
Let z be 2 + -1 + 5 + -3. Suppose -z*d + 4 = 3*t - 2, 3*t - 30 = 5*d. Let i = 39 - t. List the prime factors of i.
2, 17
Suppose 723 = 3*l - 3*j, -1173 = -5*l - 3*j - 0*j. What are the prime factors of l?
3, 79
Let o = -10 + 7. Let c = -3 - o. Suppose 3*v + 2*d = -c*d + 115, -2*v + 95 = 5*d. List the prime factors of v.
5, 7
Let r(d) = -38*d + 74. List the prime factors of r(-15).
2, 7, 23
Let l(q) be the third derivative of -q**6/120 + q**5/30 + 19*q**3/2 - q**2. What are the prime factors of l(0)?
3, 19
Suppose -2*u + 8 = -2*v + 3*v, 5*v = -u + 22. Suppose 0 = 4*x + v*t + 4, 3 = t + 8. Suppose -33 = -2*w + j + 11, 4*w = -x*j + 64. List the prime factors of w.
2, 5
Suppose -3*f + 5 = 4*a - 3*a, 4*a - f = 20. Let o(x) = 5*x + 1 + a - 3*x. What are the prime factors of o(3)?
2, 3
Let o = 514 + 127. What are the prime factors of o?
641
Suppose 2*z + 3*j + 11 = 6*j, 0 = 2*z - 5*j + 21. Suppose s - 238 - 20 = -b, 2*s + z = 0. List the prime factors of b.
7, 37
Suppose 28*l - 106148 = 21420. What are the prime factors of l?
2, 17, 67
Let p = -3134 + 3360. What are the prime factors of p?
2, 113
What are the prime factors of 176 + (3 - -18)/(-3)?
13
Suppose y = 5, 384 = l - 5*y - 776. List the prime factors of l.
3, 5, 79
Suppose -18 = -3*x + 12. Suppose y - 6*y = 2*g - x, -y - 3*g - 11 = 0. List the prime factors of y.
2
Let b(l) = -l**2 - 4*l. Let x be b(-3). Suppose 0 = x*f + 5*z + 3 + 8, -5*z - 29 = -3*f. List the prime factors of (f - 2/2) + 10.
2, 3
What are the prime factors of (-4)/12 + 1 + 3302/6?
19, 29
What are the prime factors of 21175/7 - 4 - -12?
3, 337
Let s = -1294 + 2611. What are the prime factors of s?
3, 439
Let m be (12 + -20)/(1/(-3)). Let d = 28 - m. List the prime factors of d.
2
Let n be (-2)/(-4) - 91/(-26). Suppose 392 = 2*y + 4*q, 0*q = -4*y - n*q + 780. What are the prime factors of y?
2, 97
Suppose -4*x = -2*x - p - 9, 4*x = -p + 15. Let q(l) = -l - 1. Let b(h) = 5*h + 8. Let s(t) = x*q(t) + b(t). List the prime factors of s(5).
3
Let d(r) = 713*r**2 - 2*r - 2. List the prime factors of d(1).
709
Let r = 20 - 18. Suppose -r*x + 3*z = -3*x + 45, 5*x + z - 169 = 0. Suppose -15 = -4*l + x. What are the prime factors of l?
2, 3
Let x be ((-8)/(-20))/(1/10). Let i be 5 + (-12)/x + -31. Let a = i + 49. List the prime factors of a.
2, 5
Let n = 19 - 20. Let r(s) = -s**3 + 3*s + 2. Let g be r(n). Suppose g = 4*u - 2*u - 44. What are the prime factors of u?
2, 11
Suppose -22*n - 18 = -25*n. Let x(f) = 15*f**2 + 3*f + 7. Let g(a) = -a**2 - a - 1. Let r(b) = n*g(b) + x(b). What are the prime factors of r(2)?
31
Suppose -57*w = -70*w + 819. List the prime factors of w.
3, 7
Let n be (3/(60/176))/(4/10). Suppose -n = -q + 10. What are the prime factors of q?
2
Let n(z) = 3*z**3 - 13*z**2 - 9*z + 19. List the prime factors of n(9).
2, 67
Suppose 4*y = 2*y - 44. Let v be 8/(-44) + (-4)/y. Suppose v = 2*r + 2*r - 76. What are the prime factors of r?
19
Suppose 0 = -4*a - 4, 3*a - 2620 = -5*d - 78. Let t = d + -179. List the prime factors of t.
2, 3, 5, 11
Let r be (0 - (0 + -3)) + 0. Suppose 239 + 82 = r*f. List the prime factors of f.
107
Suppose 5*h + 5750 = 9*h - 2*d, 0 = -3*d + 15. List the prime factors of h.
2, 3, 5
Let m(a) be the second derivative of 0 + 7*a + 1/12*a**4 + 1/3*a**3 + 3/2*a**2. What are the prime factors of m(-7)?
2, 19
Let j(h) = -25*h - 8. Let i = 59 + -66. List the prime factors of j(i).
167
Let r be 3/(-2)*182/(-21). Let x = -16 + r. List the prime factors of (3 - (-3 - x))*1.
3
Suppose 3*r = -d + 11, -3*d + r - 25 = -6*d. Let p(o) be the first derivative of o**4/4 - 8*o**3/3 + 5*o**2/2 + 11*o - 1. What are the pr